{"id":985,"date":"2023-05-11T06:19:52","date_gmt":"2023-05-11T04:19:52","guid":{"rendered":"https:\/\/ch-q.ch\/pour-les-institutions-et-les-employeurs\/"},"modified":"2024-08-15T08:50:15","modified_gmt":"2024-08-15T06:50:15","slug":"pour-les-institutions-et-les-employeurs","status":"publish","type":"page","link":"https:\/\/ch-q.ch\/fr\/pour-les-institutions-et-les-employeurs\/","title":{"rendered":"Pour les institutions et les employeurs"},"content":{"rendered":"<section class=\"l-section wpb_row ob-title-img height_custom\"><div class=\"l-section-h i-cf\"><div class=\"g-cols vc_row via_flex valign_top type_default stacking_default\"><div class=\"vc_col-sm-12 wpb_column vc_column_container has_bg_color\"><div class=\"vc_column-inner us_custom_5fa2cb43\"><div class=\"wpb_wrapper\"><h1 class=\"w-text us_custom_5e086c8c has_text_color us_animate_this\"><span class=\"w-text-h\"><span class=\"w-text-value\">\u00ab Avec CH-Q, les comp\u00e9tences professionnelles sont assur\u00e9es durablement. \u00bb<\/span><\/span><\/h1><\/div><\/div><\/div><\/div><\/div><\/section><section class=\"l-section wpb_row height_auto\"><div class=\"l-section-h i-cf\"><div class=\"g-cols vc_row via_flex valign_top type_default stacking_default\"><div class=\"vc_col-sm-12 wpb_column vc_column_container\"><div class=\"vc_column-inner\"><div class=\"wpb_wrapper\"><div class=\"g-cols wpb_row via_flex valign_top type_default stacking_default\"><div class=\"vc_col-sm-8 wpb_column vc_column_container\"><div class=\"vc_column-inner\"><div class=\"wpb_wrapper\"><h2 class=\"w-text us_custom_1f257949\"><span class=\"w-text-h\"><span class=\"w-text-value\">CH-Q pour les institutions et les employeurs<\/span><\/span><\/h2><div class=\"w-separator size_custom\" style=\"height:30px\"><\/div><\/div><\/div><\/div><div class=\"vc_col-sm-4 wpb_column vc_column_container\"><div class=\"vc_column-inner\"><div class=\"wpb_wrapper\"><\/div><\/div><\/div><\/div><div class=\"g-cols wpb_row via_flex valign_top type_default stacking_default\"><div class=\"vc_col-sm-6 wpb_column vc_column_container\"><div class=\"vc_column-inner\"><div class=\"wpb_wrapper\"><div class=\"wpb_text_column\"><div class=\"wpb_wrapper\"><p>En tant qu\u2019employeur, vous accordez une grande importance aux comp\u00e9tences de vos collaborateurs et collaboratrices. Vous aimeriez ancrer la gestion professionnelle du d\u00e9veloppement des comp\u00e9tences dans votre entreprise. Nous vous aidons \u00e0 int\u00e9grer la gestion des comp\u00e9tences selon CH-Q dans vos processus.<\/p>\n<\/div><\/div><div class=\"w-separator size_custom\" style=\"height:30px\"><\/div><\/div><\/div><\/div><div class=\"vc_col-sm-6 wpb_column vc_column_container\"><div class=\"vc_column-inner\"><div class=\"wpb_wrapper\"><\/div><\/div><\/div><\/div><div class=\"g-cols wpb_row via_flex valign_top type_default stacking_default\"><div class=\"vc_col-sm-6 wpb_column vc_column_container\"><div class=\"vc_column-inner\"><div class=\"wpb_wrapper\"><div class=\"wpb_text_column\"><div class=\"wpb_wrapper\"><h3>Gestion des comp\u00e9tences pour le personnel<\/h3>\n<p>La gestion des comp\u00e9tences CH-Q pour les employeurs et les institutions est utilis\u00e9e dans le d\u00e9veloppement du personnel et de l\u2019organisation et permet la mise en place cibl\u00e9e d\u2019une culture de la comp\u00e9tence entrepreneuriale.<\/p>\n<\/div><\/div><\/div><\/div><\/div><div class=\"vc_col-sm-6 wpb_column vc_column_container\"><div class=\"vc_column-inner\"><div class=\"wpb_wrapper\"><\/div><\/div><\/div><\/div><\/div><\/div><\/div><\/div><\/div><\/section><section class=\"l-section wpb_row hide_on_tablets hide_on_mobiles height_custom\"><div class=\"l-section-h i-cf\"><div class=\"g-cols vc_row via_flex valign_top type_default stacking_default\"><div class=\"vc_col-sm-4 wpb_column vc_column_container ob-cards-text  has_bg_color\"><div class=\"vc_column-inner us_custom_1a2616e7 us_animate_this\"><div class=\"wpb_wrapper\"><div class=\"wpb_text_column us_custom_8b3d6790 has_text_color\"><div class=\"wpb_wrapper\"><h3>Formation des sp\u00e9cialistes de la formation et du conseil \u00e0 la gestion des comp\u00e9tences<\/h3>\n<hr \/>\n<p>Former les personnes cl\u00e9s au sein du service des ressources humaines et de la hi\u00e9rarchie de votre entreprise aux niveaux de qualification CH-Q\u00a02 et 3.<\/p>\n<\/div><\/div><\/div><\/div><\/div><div class=\"vc_col-sm-4 wpb_column vc_column_container ob-cards-text  has_bg_color\"><div class=\"vc_column-inner us_custom_fa93c2b0 us_animate_this\"><div class=\"wpb_wrapper\"><div class=\"wpb_text_column us_custom_8b3d6790 has_text_color\"><div class=\"wpb_wrapper\"><h3>Identification et d\u00e9veloppement des comp\u00e9tences dans les \u00e9quipes<\/h3>\n<hr \/>\n<p>Planifier, piloter et organiser l\u2019identification et le d\u00e9veloppement des comp\u00e9tences dans les \u00e9quipes de l\u2019entreprise.<\/p>\n<\/div><\/div><\/div><\/div><\/div><div class=\"vc_col-sm-4 wpb_column vc_column_container ob-cards-text  has_bg_color\"><div class=\"vc_column-inner us_custom_331d0364 us_animate_this\"><div class=\"wpb_wrapper\"><div class=\"wpb_text_column us_custom_8b3d6790 has_text_color\"><div class=\"wpb_wrapper\"><h3>Int\u00e9grer la culture de la comp\u00e9tence dans l\u2019entreprise<\/h3>\n<hr \/>\n<p>Identifier, justifier et organiser les aspects \u00e9conomiques d\u2019une culture de la comp\u00e9tence dans votre entreprise.<\/p>\n<\/div><\/div><\/div><\/div><\/div><\/div><\/div><\/section><section class=\"l-section wpb_row us_custom_a14f24ab height_auto\"><div class=\"l-section-h i-cf\"><div class=\"g-cols vc_row via_flex valign_top type_default stacking_default\"><div class=\"vc_col-sm-12 wpb_column vc_column_container\"><div class=\"vc_column-inner\"><div class=\"wpb_wrapper\"><section class=\"l-section wpb_row us_custom_7978f442 height_auto\"><div class=\"l-section-h i-cf\"><div class=\"g-cols vc_row via_flex valign_top type_default stacking_default\"><div class=\"vc_col-sm-12 wpb_column vc_column_container\"><div class=\"vc_column-inner us_custom_0f9a865a\"><div class=\"wpb_wrapper\"><div class=\"g-cols wpb_row via_flex valign_top type_default stacking_default\"><div class=\"vc_col-sm-12 wpb_column vc_column_container\"><div class=\"vc_column-inner\"><div class=\"wpb_wrapper\"><div class=\"wpb_text_column us_custom_378a5a82\"><div class=\"wpb_wrapper\"><p><strong>Vous souhaitez un entretien de conseil sans engagement sur les possibilit\u00e9s de gestion des comp\u00e9tences dans votre entreprise\u00a0?<\/strong><\/p>\n<\/div><\/div><div class=\"w-separator size_custom\" style=\"height:30px\"><\/div><div class=\"w-btn-wrapper align_none\"><a class=\"w-btn us-btn-style_5\" title=\"Qui sommes-nous\u00a0?\" href=\"https:\/\/ch-q.ch\/fr\/a-propos-de-nous\/\"><span class=\"w-btn-label\">Contact<\/span><\/a><\/div><\/div><\/div><\/div><\/div><\/div><\/div><\/div><\/div><\/div><\/section>\n<\/div><\/div><\/div><\/div><\/div><\/section>\n","protected":false},"excerpt":{"rendered":"\u00ab Avec CH-Q, les comp\u00e9tences professionnelles sont assur\u00e9es durablement. \u00bbCH-Q pour les institutions et les employeursEn tant qu\u2019employeur, vous accordez une grande importance aux comp\u00e9tences de vos collaborateurs et collaboratrices. Vous aimeriez ancrer la gestion professionnelle du d\u00e9veloppement des comp\u00e9tences dans votre entreprise. Nous vous aidons \u00e0 int\u00e9grer la gestion des comp\u00e9tences selon CH-Q dans...","protected":false},"author":1,"featured_media":0,"parent":0,"menu_order":0,"comment_status":"closed","ping_status":"closed","template":"","meta":{"footnotes":""},"class_list":["post-985","page","type-page","status-publish","hentry"],"_links":{"self":[{"href":"https:\/\/ch-q.ch\/fr\/wp-json\/wp\/v2\/pages\/985","targetHints":{"allow":["GET"]}}],"collection":[{"href":"https:\/\/ch-q.ch\/fr\/wp-json\/wp\/v2\/pages"}],"about":[{"href":"https:\/\/ch-q.ch\/fr\/wp-json\/wp\/v2\/types\/page"}],"author":[{"embeddable":true,"href":"https:\/\/ch-q.ch\/fr\/wp-json\/wp\/v2\/users\/1"}],"replies":[{"embeddable":true,"href":"https:\/\/ch-q.ch\/fr\/wp-json\/wp\/v2\/comments?post=985"}],"version-history":[{"count":2,"href":"https:\/\/ch-q.ch\/fr\/wp-json\/wp\/v2\/pages\/985\/revisions"}],"predecessor-version":[{"id":989,"href":"https:\/\/ch-q.ch\/fr\/wp-json\/wp\/v2\/pages\/985\/revisions\/989"}],"wp:attachment":[{"href":"https:\/\/ch-q.ch\/fr\/wp-json\/wp\/v2\/media?parent=985"}],"curies":[{"name":"wp","href":"https:\/\/api.w.org\/{rel}","templated":true}]}}

<section class="l-section wpb_row ob-title-img height_custom"><div class="l-section-h i-cf"><div class="g-cols vc_row via_flex valign_top type_default stacking_default"><div class="vc_col-sm-12 wpb_column vc_column_container has_bg_color"><div class="vc_column-inner us_custom_5fa2cb43"><div class="wpb_wrapper"><h1 class="w-text us_custom_5e086c8c has_text_color us_animate_this"><span class="w-text-h"><span class="w-text-value">« Avec CH-Q, les compétences professionnelles sont assurées durablement. »</span></span></h1></div></div></div></div></div></section><section class="l-section wpb_row height_auto"><div class="l-section-h i-cf"><div class="g-cols vc_row via_flex valign_top type_default stacking_default"><div class="vc_col-sm-12 wpb_column vc_column_container"><div class="vc_column-inner"><div class="wpb_wrapper"><div class="g-cols wpb_row via_flex valign_top type_default stacking_default"><div class="vc_col-sm-8 wpb_column vc_column_container"><div class="vc_column-inner"><div class="wpb_wrapper"><h2 class="w-text us_custom_1f257949"><span class="w-text-h"><span class="w-text-value">CH-Q pour les institutions et les employeurs</span></span></h2><div class="w-separator size_custom" style="height:30px"></div></div></div></div><div class="vc_col-sm-4 wpb_column vc_column_container"><div class="vc_column-inner"><div class="wpb_wrapper"></div></div></div></div><div class="g-cols wpb_row via_flex valign_top type_default stacking_default"><div class="vc_col-sm-6 wpb_column vc_column_container"><div class="vc_column-inner"><div class="wpb_wrapper"><div class="wpb_text_column"><div class="wpb_wrapper"><p>En tant qu’employeur, vous accordez une grande importance aux compétences de vos collaborateurs et collaboratrices. Vous aimeriez ancrer la gestion professionnelle du développement des compétences dans votre entreprise. Nous vous aidons à intégrer la gestion des compétences selon CH-Q dans vos processus.</p>
</div></div><div class="w-separator size_custom" style="height:30px"></div></div></div></div><div class="vc_col-sm-6 wpb_column vc_column_container"><div class="vc_column-inner"><div class="wpb_wrapper"></div></div></div></div><div class="g-cols wpb_row via_flex valign_top type_default stacking_default"><div class="vc_col-sm-6 wpb_column vc_column_container"><div class="vc_column-inner"><div class="wpb_wrapper"><div class="wpb_text_column"><div class="wpb_wrapper"><h3>Gestion des compétences pour le personnel</h3>
<p>La gestion des compétences CH-Q pour les employeurs et les institutions est utilisée dans le développement du personnel et de l’organisation et permet la mise en place ciblée d’une culture de la compétence entrepreneuriale.</p>
</div></div></div></div></div><div class="vc_col-sm-6 wpb_column vc_column_container"><div class="vc_column-inner"><div class="wpb_wrapper"></div></div></div></div></div></div></div></div></div></section><section class="l-section wpb_row hide_on_tablets hide_on_mobiles height_custom"><div class="l-section-h i-cf"><div class="g-cols vc_row via_flex valign_top type_default stacking_default"><div class="vc_col-sm-4 wpb_column vc_column_container ob-cards-text  has_bg_color"><div class="vc_column-inner us_custom_1a2616e7 us_animate_this"><div class="wpb_wrapper"><div class="wpb_text_column us_custom_8b3d6790 has_text_color"><div class="wpb_wrapper"><h3>Formation des spécialistes de la formation et du conseil à la gestion des compétences</h3>
<hr />
<p>Former les personnes clés au sein du service des ressources humaines et de la hiérarchie de votre entreprise aux niveaux de qualification CH-Q 2 et 3.</p>
</div></div></div></div></div><div class="vc_col-sm-4 wpb_column vc_column_container ob-cards-text  has_bg_color"><div class="vc_column-inner us_custom_fa93c2b0 us_animate_this"><div class="wpb_wrapper"><div class="wpb_text_column us_custom_8b3d6790 has_text_color"><div class="wpb_wrapper"><h3>Identification et développement des compétences dans les équipes</h3>
<hr />
<p>Planifier, piloter et organiser l’identification et le développement des compétences dans les équipes de l’entreprise.</p>
</div></div></div></div></div><div class="vc_col-sm-4 wpb_column vc_column_container ob-cards-text  has_bg_color"><div class="vc_column-inner us_custom_331d0364 us_animate_this"><div class="wpb_wrapper"><div class="wpb_text_column us_custom_8b3d6790 has_text_color"><div class="wpb_wrapper"><h3>Intégrer la culture de la compétence dans l’entreprise</h3>
<hr />
<p>Identifier, justifier et organiser les aspects économiques d’une culture de la compétence dans votre entreprise.</p>
</div></div></div></div></div></div></div></section><section class="l-section wpb_row us_custom_a14f24ab height_auto"><div class="l-section-h i-cf"><div class="g-cols vc_row via_flex valign_top type_default stacking_default"><div class="vc_col-sm-12 wpb_column vc_column_container"><div class="vc_column-inner"><div class="wpb_wrapper"><section class="l-section wpb_row us_custom_7978f442 height_auto"><div class="l-section-h i-cf"><div class="g-cols vc_row via_flex valign_top type_default stacking_default"><div class="vc_col-sm-12 wpb_column vc_column_container"><div class="vc_column-inner us_custom_0f9a865a"><div class="wpb_wrapper"><div class="g-cols wpb_row via_flex valign_top type_default stacking_default"><div class="vc_col-sm-12 wpb_column vc_column_container"><div class="vc_column-inner"><div class="wpb_wrapper"><div class="wpb_text_column us_custom_378a5a82"><div class="wpb_wrapper"><p><strong>Vous souhaitez un entretien de conseil sans engagement sur les possibilités de gestion des compétences dans votre entreprise ?</strong></p>
</div></div><div class="w-separator size_custom" style="height:30px"></div><div class="w-btn-wrapper align_none"><a class="w-btn us-btn-style_5" title="Qui sommes-nous ?" href="https://ch-q.ch/fr/a-propos-de-nous/"><span class="w-btn-label">Contact</span></a></div></div></div></div></div></div></div></div></div></div></section>
</div></div></div></div></div></section>

« Avec CH-Q, les compétences professionnelles sont assurées durablement. »CH-Q pour les institutions et les employeursEn tant qu’employeur, vous accordez une grande importance aux compétences de vos collaborateurs et collaboratrices. Vous aimeriez ancrer la gestion professionnelle du développement des compétences dans votre entreprise. Nous vous aidons à intégrer la gestion des compétences selon CH-Q dans...
