{"id":1038,"date":"2023-05-08T12:49:12","date_gmt":"2023-05-08T10:49:12","guid":{"rendered":"https:\/\/ch-q.ch\/accompagnement-de-lapprentissage-et-des-processus\/"},"modified":"2024-08-15T09:52:45","modified_gmt":"2024-08-15T07:52:45","slug":"accompagnement-de-lapprentissage-et-des-processus","status":"publish","type":"page","link":"https:\/\/ch-q.ch\/fr\/accompagnement-de-lapprentissage-et-des-processus\/","title":{"rendered":"Accompagnement de l&rsquo;apprentissage et des processus"},"content":{"rendered":"<section class=\"l-section wpb_row ob-title-img height_custom\"><div class=\"l-section-h i-cf\"><div class=\"g-cols vc_row via_flex valign_top type_default stacking_default\"><div class=\"vc_col-sm-12 wpb_column vc_column_container has_bg_color\"><div class=\"vc_column-inner us_custom_a6197d84\"><div class=\"wpb_wrapper\"><h1 class=\"w-text us_custom_5e086c8c has_text_color us_animate_this\"><span class=\"w-text-h\"><span class=\"w-text-value\">\u00ab Accompagnement de l&#039;apprentissage et des processus dans la gestion des comp\u00e9tences \u00bb.<\/span><\/span><\/h1><\/div><\/div><\/div><\/div><\/div><\/section><section class=\"l-section wpb_row height_auto\"><div class=\"l-section-h i-cf\"><div class=\"g-cols vc_row via_flex valign_top type_default stacking_default\"><div class=\"vc_col-sm-12 wpb_column vc_column_container\"><div class=\"vc_column-inner\"><div class=\"wpb_wrapper\"><div class=\"g-cols wpb_row via_flex valign_top type_default stacking_default\"><div class=\"vc_col-sm-8 wpb_column vc_column_container\"><div class=\"vc_column-inner\"><div class=\"wpb_wrapper\"><h2 class=\"w-text us_custom_1f257949\"><span class=\"w-text-h\"><span class=\"w-text-value\">Un accompagnement professionnel pour l&#039;autogestion des comp\u00e9tences<\/span><\/span><\/h2><div class=\"w-separator size_custom\" style=\"height:30px\"><\/div><\/div><\/div><\/div><div class=\"vc_col-sm-4 wpb_column vc_column_container\"><div class=\"vc_column-inner\"><div class=\"wpb_wrapper\"><\/div><\/div><\/div><\/div><div class=\"g-cols wpb_row via_flex valign_top type_default stacking_default\"><div class=\"vc_col-sm-6 wpb_column vc_column_container\"><div class=\"vc_column-inner\"><div class=\"wpb_wrapper\"><div class=\"wpb_text_column\"><div class=\"wpb_wrapper\"><p>En tant qu&rsquo;accompagnateur\/trice de processus et d&rsquo;apprentissage certifi\u00e9(e) CH-Q, vous conseillez et accompagnez les personnes dans la gestion de leurs comp\u00e9tences. Ils conseillent et accompagnent par exemple les personnes en formation initiale ou continue, les collaborateurs dans leur d\u00e9veloppement professionnel, les demandeurs d&#8217;emploi ou les personnes en voie de reconnaissance de dipl\u00f4me dans l&rsquo;attestation de leurs capacit\u00e9s et comp\u00e9tences.<\/p>\n<\/div><\/div><div class=\"w-separator size_custom\" style=\"height:30px\"><\/div><\/div><\/div><\/div><div class=\"vc_col-sm-6 wpb_column vc_column_container\"><div class=\"vc_column-inner\"><div class=\"wpb_wrapper\"><\/div><\/div><\/div><\/div><div class=\"g-cols wpb_row via_flex valign_top type_default stacking_default\"><div class=\"vc_col-sm-6 wpb_column vc_column_container\"><div class=\"vc_column-inner\"><div class=\"wpb_wrapper\"><div class=\"wpb_text_column\"><div class=\"wpb_wrapper\"><h3>Contexte professionnel<\/h3>\n<p>L&rsquo;accompagnement de l&rsquo;apprentissage et des processus dans la gestion des comp\u00e9tences concerne la formation, le conseil et\/ou le d\u00e9veloppement du personnel. Ils travaillent pour des institutions de formation, des \u00e9coles, des entreprises, des associations, des offices et des services dans le secteur \u00e0 but lucratif et non lucratif.<\/p>\n<\/div><\/div><\/div><\/div><\/div><div class=\"vc_col-sm-6 wpb_column vc_column_container\"><div class=\"vc_column-inner\"><div class=\"wpb_wrapper\"><\/div><\/div><\/div><\/div><\/div><\/div><\/div><\/div><\/div><\/section><section class=\"l-section wpb_row us_custom_d10eb4a1 height_auto\"><div class=\"l-section-h i-cf\"><div class=\"g-cols vc_row via_flex valign_top type_default stacking_default\"><div class=\"vc_col-sm-12 wpb_column vc_column_container\"><div class=\"vc_column-inner\"><div class=\"wpb_wrapper\"><div class=\"wpb_text_column\"><div class=\"wpb_wrapper\"><p class=\"p1\">L&rsquo;accompagnement de l&rsquo;apprentissage et du processus comprend les domaines suivants :<\/p>\n<\/div><\/div><div class=\"w-separator size_medium\"><\/div><\/div><\/div><\/div><\/div><\/div><\/section><section class=\"l-section wpb_row us_custom_a14f24ab hide_on_tablets hide_on_mobiles height_auto\"><div class=\"l-section-h i-cf\"><div class=\"g-cols vc_row via_flex valign_top type_default stacking_default\"><div class=\"vc_col-sm-4 wpb_column vc_column_container ob-cards-text  has_bg_color\"><div class=\"vc_column-inner us_custom_1a2616e7 us_animate_this\"><div class=\"wpb_wrapper\"><div class=\"wpb_text_column us_custom_8b3d6790 has_text_color\"><div class=\"wpb_wrapper\"><h3>Concevoir la gestion des comp\u00e9tences de mani\u00e8re m\u00e9thodique et didactique<\/h3>\n<hr>\n<p>Planification didactique des offres de formation et de conseil dans la gestion des comp\u00e9tences. Appliquer la m\u00e9thodologie d&rsquo;\u00e9valuation des comp\u00e9tences et r\u00e9fl\u00e9chir au processus d&rsquo;apprentissage. Adaptation du portefeuille CH-Q \u00e0 la gestion des comp\u00e9tences en fonction de l&rsquo;environnement.<\/p>\n<\/div><\/div><\/div><\/div><\/div><div class=\"vc_col-sm-4 wpb_column vc_column_container ob-cards-text  has_bg_color\"><div class=\"vc_column-inner us_custom_fa93c2b0 us_animate_this\"><div class=\"wpb_wrapper\"><div class=\"wpb_text_column us_custom_8b3d6790 has_text_color\"><div class=\"wpb_wrapper\"><h3>Accompagner les processus de gestion des comp\u00e9tences<\/h3>\n<hr>\n<p>Conception du r\u00f4le de direction dans le conseil et l&rsquo;accompagnement de processus dans l&rsquo;autogestion des comp\u00e9tences. Guider, soutenir, v\u00e9rifier et \u00e9valuer le processus et les prochaines \u00e9tapes avec les personnes et les groupes.<\/p>\n<\/div><\/div><\/div><\/div><\/div><div class=\"vc_col-sm-4 wpb_column vc_column_container ob-cards-text  has_bg_color\"><div class=\"vc_column-inner us_custom_331d0364 us_animate_this\"><div class=\"wpb_wrapper\"><div class=\"wpb_text_column us_custom_8b3d6790 has_text_color\"><div class=\"wpb_wrapper\"><h3>Informer et conseiller sur la gestion des comp\u00e9tences<\/h3>\n<hr>\n<p>Orientation adapt\u00e9e \u00e0 la situation et au contexte sur la comp\u00e9tence, la qualification et le portfolio, possibilit\u00e9s d&rsquo;utilisation de la gestion des comp\u00e9tences dans la formation et le monde du travail. Informations sur les acteurs et les \u00e9tapes de la proc\u00e9dure de validation.<\/p>\n<\/div><\/div><\/div><\/div><\/div><\/div><\/div><\/section><section class=\"l-section wpb_row hide_on_default hide_on_laptops height_custom\"><div class=\"l-section-h i-cf\"><div class=\"g-cols vc_row via_flex valign_top type_default stacking_default\"><div class=\"vc_col-sm-12 wpb_column vc_column_container\"><div class=\"vc_column-inner\"><div class=\"wpb_wrapper\"><div class=\"wpb_text_column us_custom_6df116bd has_text_color\"><div class=\"wpb_wrapper\"><h3>Accompagner les processus de gestion des comp\u00e9tences<\/h3>\n<hr>\n<p>Conception du r\u00f4le de direction dans le conseil et l&rsquo;accompagnement de processus dans l&rsquo;autogestion des comp\u00e9tences. Guider, soutenir, v\u00e9rifier et \u00e9valuer le processus et les prochaines \u00e9tapes avec les personnes et les groupes.<\/p>\n<\/div><\/div><div class=\"w-separator size_custom\" style=\"height:30px\"><\/div><div class=\"wpb_text_column us_custom_871d84b0 has_text_color\"><div class=\"wpb_wrapper\"><h3>Informer et conseiller sur la gestion des comp\u00e9tences<\/h3>\n<hr>\n<p>Orientation adapt\u00e9e \u00e0 la situation et au contexte sur la comp\u00e9tence, la qualification et le portfolio, possibilit\u00e9s d&rsquo;utilisation de la gestion des comp\u00e9tences dans la formation et le monde du travail. Informations sur les acteurs et les \u00e9tapes de la proc\u00e9dure de validation.<\/p>\n<\/div><\/div><div class=\"w-separator size_custom\" style=\"height:30px\"><\/div><div class=\"wpb_text_column us_custom_6df116bd has_text_color\"><div class=\"wpb_wrapper\"><h3>Concevoir la gestion des comp\u00e9tences de mani\u00e8re m\u00e9thodique et didactique<\/h3>\n<hr>\n<p>Planification didactique des offres de formation et de conseil dans la gestion des comp\u00e9tences. Appliquer la m\u00e9thodologie d&rsquo;\u00e9valuation des comp\u00e9tences et r\u00e9fl\u00e9chir au processus d&rsquo;apprentissage. Adaptation du portefeuille CH-Q \u00e0 la gestion des comp\u00e9tences en fonction de l&rsquo;environnement.<\/p>\n<\/div><\/div><\/div><\/div><\/div><\/div><\/div><\/section><section class=\"l-section wpb_row us_custom_a14f24ab height_auto\"><div class=\"l-section-h i-cf\"><div class=\"g-cols vc_row via_flex valign_top type_default stacking_default\"><div class=\"vc_col-sm-12 wpb_column vc_column_container\"><div class=\"vc_column-inner\"><div class=\"wpb_wrapper\"><section class=\"l-section wpb_row us_custom_7978f442 height_auto\"><div class=\"l-section-h i-cf\"><div class=\"g-cols vc_row via_flex valign_top type_default stacking_default\"><div class=\"vc_col-sm-12 wpb_column vc_column_container\"><div class=\"vc_column-inner us_custom_0f9a865a\"><div class=\"wpb_wrapper\"><div class=\"g-cols wpb_row via_flex valign_top type_default stacking_default\"><div class=\"vc_col-sm-12 wpb_column vc_column_container\"><div class=\"vc_column-inner\"><div class=\"wpb_wrapper\"><div class=\"wpb_text_column us_custom_378a5a82\"><div class=\"wpb_wrapper\"><p><strong>Souhaitez-vous obtenir plus d\u2019informations sur la formation d\u2019accompagnement certifi\u00e9 des apprentissages et des processus CH-Q \u2013 Niveau de qualification 2\u202f? <br \/><\/strong><\/p>\n<\/div><\/div><div class=\"w-separator size_custom\" style=\"height:30px\"><\/div><div class=\"w-btn-wrapper align_none\"><a class=\"w-btn us-btn-style_5 us_custom_5ffaac3a us_animate_this\" target=\"_blank\" href=\"\/wp-content\/uploads\/2025\/06\/Lehrgang-CH-Q-Arbeitsintegration.pdf\"><span class=\"w-btn-label\">Cursus Accompagnement de l\u2019apprentissage et des processus CH-Q<\/span><\/a><\/div><\/div><\/div><\/div><\/div><\/div><\/div><\/div><\/div><\/div><\/section>\n<\/div><\/div><\/div><\/div><\/div><\/section>\n","protected":false},"excerpt":{"rendered":"\u00ab Accompagnement de l&#039;apprentissage et des processus dans la gestion des comp\u00e9tences \u00bb.Un accompagnement professionnel pour l&#039;autogestion des comp\u00e9tencesEn tant qu&rsquo;accompagnateur\/trice de processus et d&rsquo;apprentissage certifi\u00e9(e) CH-Q, vous conseillez et accompagnez les personnes dans la gestion de leurs comp\u00e9tences. Ils conseillent et accompagnent par exemple les personnes en formation initiale ou continue, les collaborateurs dans...","protected":false},"author":1,"featured_media":0,"parent":0,"menu_order":0,"comment_status":"closed","ping_status":"closed","template":"","meta":{"footnotes":""},"class_list":["post-1038","page","type-page","status-publish","hentry"],"_links":{"self":[{"href":"https:\/\/ch-q.ch\/fr\/wp-json\/wp\/v2\/pages\/1038","targetHints":{"allow":["GET"]}}],"collection":[{"href":"https:\/\/ch-q.ch\/fr\/wp-json\/wp\/v2\/pages"}],"about":[{"href":"https:\/\/ch-q.ch\/fr\/wp-json\/wp\/v2\/types\/page"}],"author":[{"embeddable":true,"href":"https:\/\/ch-q.ch\/fr\/wp-json\/wp\/v2\/users\/1"}],"replies":[{"embeddable":true,"href":"https:\/\/ch-q.ch\/fr\/wp-json\/wp\/v2\/comments?post=1038"}],"version-history":[{"count":2,"href":"https:\/\/ch-q.ch\/fr\/wp-json\/wp\/v2\/pages\/1038\/revisions"}],"predecessor-version":[{"id":1040,"href":"https:\/\/ch-q.ch\/fr\/wp-json\/wp\/v2\/pages\/1038\/revisions\/1040"}],"wp:attachment":[{"href":"https:\/\/ch-q.ch\/fr\/wp-json\/wp\/v2\/media?parent=1038"}],"curies":[{"name":"wp","href":"https:\/\/api.w.org\/{rel}","templated":true}]}}

<section class="l-section wpb_row ob-title-img height_custom"><div class="l-section-h i-cf"><div class="g-cols vc_row via_flex valign_top type_default stacking_default"><div class="vc_col-sm-12 wpb_column vc_column_container has_bg_color"><div class="vc_column-inner us_custom_a6197d84"><div class="wpb_wrapper"><h1 class="w-text us_custom_5e086c8c has_text_color us_animate_this"><span class="w-text-h"><span class="w-text-value">« Accompagnement de l&#039;apprentissage et des processus dans la gestion des compétences ».</span></span></h1></div></div></div></div></div></section><section class="l-section wpb_row height_auto"><div class="l-section-h i-cf"><div class="g-cols vc_row via_flex valign_top type_default stacking_default"><div class="vc_col-sm-12 wpb_column vc_column_container"><div class="vc_column-inner"><div class="wpb_wrapper"><div class="g-cols wpb_row via_flex valign_top type_default stacking_default"><div class="vc_col-sm-8 wpb_column vc_column_container"><div class="vc_column-inner"><div class="wpb_wrapper"><h2 class="w-text us_custom_1f257949"><span class="w-text-h"><span class="w-text-value">Un accompagnement professionnel pour l&#039;autogestion des compétences</span></span></h2><div class="w-separator size_custom" style="height:30px"></div></div></div></div><div class="vc_col-sm-4 wpb_column vc_column_container"><div class="vc_column-inner"><div class="wpb_wrapper"></div></div></div></div><div class="g-cols wpb_row via_flex valign_top type_default stacking_default"><div class="vc_col-sm-6 wpb_column vc_column_container"><div class="vc_column-inner"><div class="wpb_wrapper"><div class="wpb_text_column"><div class="wpb_wrapper"><p>En tant qu&rsquo;accompagnateur/trice de processus et d&rsquo;apprentissage certifié(e) CH-Q, vous conseillez et accompagnez les personnes dans la gestion de leurs compétences. Ils conseillent et accompagnent par exemple les personnes en formation initiale ou continue, les collaborateurs dans leur développement professionnel, les demandeurs d&#8217;emploi ou les personnes en voie de reconnaissance de diplôme dans l&rsquo;attestation de leurs capacités et compétences.</p>
</div></div><div class="w-separator size_custom" style="height:30px"></div></div></div></div><div class="vc_col-sm-6 wpb_column vc_column_container"><div class="vc_column-inner"><div class="wpb_wrapper"></div></div></div></div><div class="g-cols wpb_row via_flex valign_top type_default stacking_default"><div class="vc_col-sm-6 wpb_column vc_column_container"><div class="vc_column-inner"><div class="wpb_wrapper"><div class="wpb_text_column"><div class="wpb_wrapper"><h3>Contexte professionnel</h3>
<p>L&rsquo;accompagnement de l&rsquo;apprentissage et des processus dans la gestion des compétences concerne la formation, le conseil et/ou le développement du personnel. Ils travaillent pour des institutions de formation, des écoles, des entreprises, des associations, des offices et des services dans le secteur à but lucratif et non lucratif.</p>
</div></div></div></div></div><div class="vc_col-sm-6 wpb_column vc_column_container"><div class="vc_column-inner"><div class="wpb_wrapper"></div></div></div></div></div></div></div></div></div></section><section class="l-section wpb_row us_custom_d10eb4a1 height_auto"><div class="l-section-h i-cf"><div class="g-cols vc_row via_flex valign_top type_default stacking_default"><div class="vc_col-sm-12 wpb_column vc_column_container"><div class="vc_column-inner"><div class="wpb_wrapper"><div class="wpb_text_column"><div class="wpb_wrapper"><p class="p1">L&rsquo;accompagnement de l&rsquo;apprentissage et du processus comprend les domaines suivants :</p>
</div></div><div class="w-separator size_medium"></div></div></div></div></div></div></section><section class="l-section wpb_row us_custom_a14f24ab hide_on_tablets hide_on_mobiles height_auto"><div class="l-section-h i-cf"><div class="g-cols vc_row via_flex valign_top type_default stacking_default"><div class="vc_col-sm-4 wpb_column vc_column_container ob-cards-text  has_bg_color"><div class="vc_column-inner us_custom_1a2616e7 us_animate_this"><div class="wpb_wrapper"><div class="wpb_text_column us_custom_8b3d6790 has_text_color"><div class="wpb_wrapper"><h3>Concevoir la gestion des compétences de manière méthodique et didactique</h3>
<hr>
<p>Planification didactique des offres de formation et de conseil dans la gestion des compétences. Appliquer la méthodologie d&rsquo;évaluation des compétences et réfléchir au processus d&rsquo;apprentissage. Adaptation du portefeuille CH-Q à la gestion des compétences en fonction de l&rsquo;environnement.</p>
</div></div></div></div></div><div class="vc_col-sm-4 wpb_column vc_column_container ob-cards-text  has_bg_color"><div class="vc_column-inner us_custom_fa93c2b0 us_animate_this"><div class="wpb_wrapper"><div class="wpb_text_column us_custom_8b3d6790 has_text_color"><div class="wpb_wrapper"><h3>Accompagner les processus de gestion des compétences</h3>
<hr>
<p>Conception du rôle de direction dans le conseil et l&rsquo;accompagnement de processus dans l&rsquo;autogestion des compétences. Guider, soutenir, vérifier et évaluer le processus et les prochaines étapes avec les personnes et les groupes.</p>
</div></div></div></div></div><div class="vc_col-sm-4 wpb_column vc_column_container ob-cards-text  has_bg_color"><div class="vc_column-inner us_custom_331d0364 us_animate_this"><div class="wpb_wrapper"><div class="wpb_text_column us_custom_8b3d6790 has_text_color"><div class="wpb_wrapper"><h3>Informer et conseiller sur la gestion des compétences</h3>
<hr>
<p>Orientation adaptée à la situation et au contexte sur la compétence, la qualification et le portfolio, possibilités d&rsquo;utilisation de la gestion des compétences dans la formation et le monde du travail. Informations sur les acteurs et les étapes de la procédure de validation.</p>
</div></div></div></div></div></div></div></section><section class="l-section wpb_row hide_on_default hide_on_laptops height_custom"><div class="l-section-h i-cf"><div class="g-cols vc_row via_flex valign_top type_default stacking_default"><div class="vc_col-sm-12 wpb_column vc_column_container"><div class="vc_column-inner"><div class="wpb_wrapper"><div class="wpb_text_column us_custom_6df116bd has_text_color"><div class="wpb_wrapper"><h3>Accompagner les processus de gestion des compétences</h3>
<hr>
<p>Conception du rôle de direction dans le conseil et l&rsquo;accompagnement de processus dans l&rsquo;autogestion des compétences. Guider, soutenir, vérifier et évaluer le processus et les prochaines étapes avec les personnes et les groupes.</p>
</div></div><div class="w-separator size_custom" style="height:30px"></div><div class="wpb_text_column us_custom_871d84b0 has_text_color"><div class="wpb_wrapper"><h3>Informer et conseiller sur la gestion des compétences</h3>
<hr>
<p>Orientation adaptée à la situation et au contexte sur la compétence, la qualification et le portfolio, possibilités d&rsquo;utilisation de la gestion des compétences dans la formation et le monde du travail. Informations sur les acteurs et les étapes de la procédure de validation.</p>
</div></div><div class="w-separator size_custom" style="height:30px"></div><div class="wpb_text_column us_custom_6df116bd has_text_color"><div class="wpb_wrapper"><h3>Concevoir la gestion des compétences de manière méthodique et didactique</h3>
<hr>
<p>Planification didactique des offres de formation et de conseil dans la gestion des compétences. Appliquer la méthodologie d&rsquo;évaluation des compétences et réfléchir au processus d&rsquo;apprentissage. Adaptation du portefeuille CH-Q à la gestion des compétences en fonction de l&rsquo;environnement.</p>
</div></div></div></div></div></div></div></section><section class="l-section wpb_row us_custom_a14f24ab height_auto"><div class="l-section-h i-cf"><div class="g-cols vc_row via_flex valign_top type_default stacking_default"><div class="vc_col-sm-12 wpb_column vc_column_container"><div class="vc_column-inner"><div class="wpb_wrapper"><section class="l-section wpb_row us_custom_7978f442 height_auto"><div class="l-section-h i-cf"><div class="g-cols vc_row via_flex valign_top type_default stacking_default"><div class="vc_col-sm-12 wpb_column vc_column_container"><div class="vc_column-inner us_custom_0f9a865a"><div class="wpb_wrapper"><div class="g-cols wpb_row via_flex valign_top type_default stacking_default"><div class="vc_col-sm-12 wpb_column vc_column_container"><div class="vc_column-inner"><div class="wpb_wrapper"><div class="wpb_text_column us_custom_378a5a82"><div class="wpb_wrapper"><p><strong>Souhaitez-vous obtenir plus d’informations sur la formation d’accompagnement certifié des apprentissages et des processus CH-Q – Niveau de qualification 2 ? <br /></strong></p>
</div></div><div class="w-separator size_custom" style="height:30px"></div><div class="w-btn-wrapper align_none"><a class="w-btn us-btn-style_5 us_custom_5ffaac3a us_animate_this" target="_blank" href="/wp-content/uploads/2025/06/Lehrgang-CH-Q-Arbeitsintegration.pdf"><span class="w-btn-label">Cursus Accompagnement de l’apprentissage et des processus CH-Q</span></a></div></div></div></div></div></div></div></div></div></div></section>
</div></div></div></div></div></section>

« Accompagnement de l&#039;apprentissage et des processus dans la gestion des compétences ».Un accompagnement professionnel pour l&#039;autogestion des compétencesEn tant qu&rsquo;accompagnateur/trice de processus et d&rsquo;apprentissage certifié(e) CH-Q, vous conseillez et accompagnez les personnes dans la gestion de leurs compétences. Ils conseillent et accompagnent par exemple les personnes en formation initiale ou continue, les collaborateurs dans...
